 q(9).
2, 3
Let j = 38 - -6. Suppose 0*c + c = j. List the prime factors of c.
2, 11
Suppose 4*q - 26 = 3*z - 6*z, 3*z + 14 = 4*q. Suppose q*m + 3*i = 390, 3*m - 159 = 5*i + 41. List the prime factors of m.
3, 5
Suppose 0 = 5*r + 2*w - 5234, -3*r = -9*w + 7*w - 3134. List the prime factors of r.
2, 523
Let c = 632 - 101. What are the prime factors of c?
3, 59
Let v be ((-12)/(-9))/((-12)/(-18)). Suppose -321 = -m - v*m. List the prime factors of m.
107
Let p = 263 - 195. List the prime factors of p.
2, 17
Suppose -j + 20 = 5*q + 2*j, 4 = q - 3*j. Let w = -4 + q. Suppose w = h - 0*h - 7. List the prime factors of h.
7
Suppose -670 = -29*t + 34*t. Let a = t - -252. What are the prime factors of a?
2, 59
Let p be (-15)/(20/4) - -11. List the prime factors of 5/20 - (-270)/p.
2, 17
Let x(b) = 27*b**2 + 10*b + 14. What are the prime factors of x(-5)?
3, 71
Let s(c) = 4*c**2 - 4*c + 7. Let f(j) = 7*j**3 + j**2 - j - 1. Let i be f(-1). Let l(m) = m + 9. Let k be l(i). List the prime factors of s(k).
31
Let z(g) = -g + 3*g**3 + 0 + 3*g + 4 - 4*g**3 + 11*g**2. Let q be z(11). Let b = 3 + q. List the prime factors of b.
29
Let k(o) be the first derivative of o**4/4 - o**3 - o**2/2 + 6*o + 7. Let r be k(3). Suppose -r*q = -3 - 9. List the prime factors of q.
2
Suppose 5*n - 482 = -47. Let v = n + -58. List the prime factors of v.
29
Suppose -2*x = -4 - 12. Suppose -3*t + x*t = 355. List the prime factors of t.
71
Suppose -4*t = r - 41 - 43, -80 = -3*t - 5*r. Suppose 0 = 7*x - t - 85. What are the prime factors of x?
3, 5
Let a = -946 + 1268. What are the prime factors of a?
2, 7, 23
Let c(j) = 2*j**2 - 2*j - 3. Let d be c(4). Let i = 6 - 34. What are the prime factors of i/d*(-57)/2?
2, 19
Suppose 3*i = t + 19, t = -0*t + 2*i - 14. Let q(b) be the second derivative of -5*b**3/2 - 2*b**2 + 2*b. List the prime factors of q(t).
2, 7
Suppose -3*i - 1142 = -5*r + 26, -4*i = 3*r - 695. Let u = -11 + r. What are the prime factors of u?
2, 3, 37
Let q = 250 - 139. Suppose -7*t + 1247 = -q. What are the prime factors of t?
2, 97
Let w = 447 - 223. What are the prime factors of (w/20 + -4)/((-6)/(-40))?
2, 3
Suppose r + 3*h = 6, 0*h - 4*h = 2*r - 18. Let y = r + -9. List the prime factors of y.
2, 3
Suppose -13*j = -1769 - 8293. Suppose -14*h + 20*h = j. List the prime factors of h.
3, 43
Let u(w) = -w**2 - 20*w + 68. Let d be u(-23). List the prime factors of d + 4 + -3 + 3 + 252.
3, 5, 17
Suppose 3*x - 102 = -2*s, -5*s = -x - 33 - 256. Suppose d + 7*q - 11 = 4*q, 0 = 3*d + 3*q - s. List the prime factors of d.
23
Let y be 6/3*(-2 - -3). Suppose -y*r + 3*j + 215 = 2*j, -5*r + j = -533. What are the prime factors of r?
2, 53
Suppose -19 = -2*a - 3*i, 5*a - 2 = -i + 13. Suppose -3*p + a*h - 2 = 0, h - 3 = -2*h. Suppose p = z - 2*z + 7. List the prime factors of z.
7
Let q(k) = k**3 - 2*k**2 + 3*k + 2. Let u be q(-3). Let l = u + 231. What are the prime factors of l?
179
Suppose -23*h = -13*h - 5420. What are the prime factors of h?
2, 271
Suppose 0 = 3*d + 24. Let o(l) = l**2 + 8*l + 6. Let y be o(d). List the prime factors of (2 - 0)/(y/99).
3, 11
Suppose -2*w - 26 = -4*u, 0 = 4*u - 5*u + 5. What are the prime factors of (-1 + 2 + w)/((-8)/172)?
43
Let q be 5*(310/(-25) + 0). Let b = 105 + q. List the prime factors of b.
43
Suppose 4 = -4*t - 5*m + m, 3*t - 2 = -2*m. Suppose -45 = -z - 3*o, 0 = 3*z - 0*z + t*o - 125. List the prime factors of z.
3, 13
Let q = -96 + 351. List the prime factors of q.
3, 5, 17
Suppose -277*z = -286*z + 7641. List the prime factors of z.
3, 283
Let l = -24 - -30. List the prime factors of (-3)/l - 129/(-2).
2
Suppose 0 = -3*g + r + 4788, 6*g = 11*g + 4*r - 7997. Suppose -5*z + 5*h + g = 4*h, 5*h - 15 = 0. What are the prime factors of z?
2, 5
Let m(a) = 2*a - 28. Let q be m(10). What are the prime factors of q/(-2) - (-112)/2?
2, 3, 5
Let q(n) = -n**3 + 3*n**2 + 2*n - 1. Let t be q(3). Suppose -86 = -t*r + 644. What are the prime factors of r?
2, 73
Let c = -74 - -170. Suppose -l - c + 255 = 0. What are the prime factors of l?
3, 53
Suppose 0 = -3*j - 2*j + 20. Let u(v) = -v**3 + 11*v**2 + 5*v + 3. List the prime factors of u(j).
3, 5
Suppose 12*j = 7*j + 60. Suppose -2*r = 2*r - j. Suppose 5*b - 4*k - 360 = 0, 3*k = 4*b - r*b - 61. List the prime factors of b.
2, 19
Let l be 1*(-3)/(12/8). Let b be ((l*26)/(-2))/(-1). Let t = b - -80. List the prime factors of t.
2, 3
Let o(v) = 40*v**2 + 4*v - 5. Suppose 0 - 2 = -2*p - 2*j, 0 = 5*p + j - 9. What are the prime factors of o(p)?
163
Suppose -n - 8*s = -7*s - 52, -4*s + 255 = 5*n. What are the prime factors of n?
47
Let o(w) = -3416*w - 68. List the prime factors of o(-1).
2, 3, 31
Suppose 5*v = -3*s - 0*v - 7, 2*s + 5*v = -13. Let p = s + -2. Suppose -u + 2 = 0, 13 = 5*m - p*u - 9. List the prime factors of m.
2, 3
Let g be (2 - 1)*(-2 + -20). Suppose 2*u = -4*y - 94 + 402, -4*y = 4*u - 316. Let c = g + y. What are the prime factors of c?
53
Suppose 4*j + 4*j = 96. Suppose 142 = p + j. What are the prime factors of p?
2, 5, 13
What are the prime factors of (-2)/(-4) + -2 - (-56385)/90?
5
Let j(f) = 2*f**2 + 3*f + 2. Let r be j(-2). Let b = -8 + r. List the prime factors of 1 + 21 + b + 4.
2, 11
Let q(z) = 14*z**3 + z. Let v be q(1). Let i(o) = -o + 13. Let g be i(v). What are the prime factors of (-1806)/(-24) + g/8?
3, 5
Suppose 0 = -4*c + 232 + 472. Let d = -74 - c. List the prime factors of d/(-12) + (-1)/(-6).
3, 7
Let h be (-2 - -23) + -2 + 0. Suppose 9 = 2*b - v - 0*v, -14 = -3*b + 2*v. Let p = b + h. List the prime factors of p.
23
Let d(t) = 7*t**2 - 22*t + 17. Suppose 0 = -4*w - 10 + 42. List the prime factors of d(w).
17
Let f = -186 - -266. Let l(p) = -p**2 - 3*p + 9. Let c be l(-4). Suppose 3*n - 41 = 4*y, 2*n = -3*n - c*y + f. List the prime factors of n.
3, 5
Let v = -3 + 7. Suppose 5*j - v*c - 387 = 0, 3*j + c = -3*c + 213. Suppose j + 36 = 3*a. What are the prime factors of a?
37
Let i(u) = -2*u**3 + 2*u**2 - 6*u + 4. List the prime factors of i(-4).
2, 47
Suppose -6*h = 60 - 3942. What are the prime factors of h?
647
Suppose 4*x - 6*x - 28 = 0. Let j = x + 1. What are the prime factors of 2/j - 41/(-13)?
3
Let w(c) = c**3 - 9*c**2 + 4*c - 2. Let p be w(8). Let y = 42 + -63. Let r = y - p. List the prime factors of r.
13
Suppose -5*l = 128 + 12. Suppose -8 = 2*h, -i + 2*h - 242 = 4*i. Let j = l - i. What are the prime factors of j?
2, 11
Let x(r) = r**2 - 9*r - 11. Let y be x(11). Suppose 0 = -4*q - y - 5, 5*q - 60 = -u. Suppose u = 5*g - i - 47, 5*i - 15 = -g. List the prime factors of g.
5
Suppose -a = 5*z - 899, 6*a - 2*a - 3578 = -2*z. What are the prime factors of a?
2, 3, 149
Suppose 1635 = 3*i + 5*r, -5*r - 15 = -0*r. Suppose -3*k = 4*y - i, 6 = y - 4*y. Suppose 4*m - 4*w - k = -w, 2*m - 88 = -w. List the prime factors of m.
3, 5
Let q(h) = 2*h. Let g be q(6). Let p = -10 + g. What are the prime factors of (-5 + 3)/(p/(-16))?
2
Suppose -4 = -4*u, -3 = -b + 2*u - 2. Suppose -b*n - 4 = -7*n. Let q = 36 - n. List the prime factors of q.
5, 7
Let m(w) = w**2 + 10*w + 1. Let d(x) = -x**2 - 11*x. Let v(j) = -4*d(j) - 5*m(j). Let i be v(-5). Suppose i*o + 4*o - 204 = 0. What are the prime factors of o?
3, 17
Let x = 133 - 57. Suppose -2*r + x = -18. What are the prime factors of r?
47
Let u be ((-33)/(-2 - 1) - 0) + -2. Suppose u*k = -3*b + 4*k + 35, b = 2*k + 19. List the prime factors of b.
3, 5
Suppose 4*q + o = 4438, 4436 = 4*q - 2*o + 4*o. What are the prime factors of q?
2, 3, 5, 37
Let h = -3 - -3. Suppose 4*z - 28 = -2*l, 4*z + 0*z + 3*l - 24 = h. List the prime factors of z.
3
Let y = 3 + 9. Suppose -y = 2*s - 4*q - 4, 2*s - 3*q + 5 = 0. Suppose 7 = s*n - 61. List the prime factors of n.
2, 17
Suppose 5*x + 4*u - 3905 = 0, -6*x + 5*u + 3860 = -x. What are the prime factors of x?
3, 7, 37
Let s(u) = -9*u + 0*u + 5 - 8 - 2. Let k be s(-2). Suppose 0 = 4*y + 2*f - 42, 5*y - 4*f - 46 = k. List the prime factors of y.
11
Suppose -f - 4991 = -6*h, h - 827 = -5*f + 10*f. What are the prime factors of h?
2, 13
Let u(h) = -h**3 - 3*h**2 + 2. Let j be u(-3). Suppose 4*o - j*o = 312. Suppose 4*r + 27 = b, -o = -5*b + r - 2*r. List the prime factors of b.
31
Let l = -41 - -82. Let v = -7 - -23. Let o = l - v. List the prime factors of o.
5
Suppose 0 = -g + 3*z + 1337,